{"id":385,"date":"2020-08-21T11:11:15","date_gmt":"2020-08-21T14:11:15","guid":{"rendered":"https:\/\/stonecrystal.com.br\/fulget\/?page_id=385"},"modified":"2020-08-21T16:10:07","modified_gmt":"2020-08-21T19:10:07","slug":"stone-crystal","status":"publish","type":"page","link":"https:\/\/stonecrystal.com.br\/fulget\/stone-crystal\/","title":{"rendered":"Stone Crystal"},"content":{"rendered":"<h3 class=\"style2\">Sobre a Stone Crystal<\/h3>\n<p>Sediada no Rio de Janeiro, a <strong>Stone Crystal<\/strong> \u00e9 uma empresa especializada em revestimento Fulget.<br \/>\nAltamente conceituada pela seu alto padr\u00e3o em servi\u00e7os e produtos e pela excel\u00eancia de atendimento, a <strong>Stone Crystal<\/strong> atende cliente final e arquitetos em todo o RJ e em MG.<\/p>\n<blockquote>\n<h3><strong>Muito al\u00e9m de satisfazer o cliente, \u00e9 preciso tamb\u00e9m encant\u00e1-lo.<\/strong><\/h3>\n<\/blockquote>\n<p>Dentro deste conceito,\u00a0 a <strong>Stone Crystal<\/strong> \u00e9 refer\u00eancia no segmento de pisos e revestimentos de alto padr\u00e3o, disponibilizando servi\u00e7os completos, incluindo desde a m\u00e3o de obra especializada, at\u00e9 o fornecimento de todo o material, resultando em um dos melhores custos x benef\u00edcios do mercado de revestimentos de alto desempenho.<\/p>\n<p>Somos uma empresa de refer\u00eancia em revestimentos, atuando com revestimento em <strong>Fulget Resinado<\/strong> e <strong>Fulget Ciment\u00edcio<\/strong> de alt\u00edssima qualidade, aplicados \u00e0s mais variadas superf\u00edcies da constru\u00e7\u00e3o, sobretudo em pisos, paredes, al\u00e9m da linha de <strong>Fulget Stone Crystal,<\/strong> desenvolvida exclusivamente para revestimento de interior de piscinas.<\/p>\n<p>Atendemos clientes, arquitetos e engenheiros, atuando no fornecimento e instala\u00e7\u00e3o completa de pisos, paredes e interior de piscinas em projetos de todos os portes.<\/p>\n<p>Nosso cat\u00e1logo, composto por <strong>Fulget<\/strong> \u00e0 base de resina, cimento e com adi\u00e7\u00e3o de pedriscos minerais naturais, foi desenvolvido para atender clientes exigentes e projetos \u00fanicos, destacando-se por oferecer uma gama variada de granulaturas e primando por eleg\u00e2ncia e naturalidade, al\u00e9m de alta resist\u00eancia e da propriedade antiderrapante, que notabilizam o <strong>Fulget<\/strong>.<\/p>\n<blockquote>\n<h3><strong>Gostar do que se faz \u00e9 fundamental e traduz a nossa Hist\u00f3ria: com 15 anos de experi\u00eancia, buscamos a excel\u00eancia em cada projeto, pois acreditamos que a satisfa\u00e7\u00e3o do cliente n\u00e3o tem data de validade.<\/strong><\/h3>\n<\/blockquote>\n<p><b><br \/>\n<\/b><a href=\"https:\/\/stonecrystal.com.br\/fulget\/orcamentos\/\">Fale conosco<\/a>\u00a0e pe\u00e7a uma visita t\u00e9cnica para conhecer toda a linha de\u00a0<strong>Fulget da Stone Crystal<\/strong>.<\/p>\n<p>&nbsp;<\/p>\n\t\t<div id=\"instagram-gallery-feed-2\" class=\"instagram-gallery-feed\" data-feed=\"{&quot;id&quot;:2,&quot;account_id&quot;:&quot;17841408699431294&quot;,&quot;source&quot;:&quot;username&quot;,&quot;tag&quot;:&quot;wordpress&quot;,&quot;order_by&quot;:&quot;top_media&quot;,&quot;layout&quot;:&quot;carousel&quot;,&quot;limit&quot;:50,&quot;columns&quot;:3,&quot;spacing&quot;:10,&quot;lazy&quot;:false,&quot;responsive&quot;:{&quot;desktop&quot;:{&quot;columns&quot;:3,&quot;spacing&quot;:10},&quot;tablet&quot;:{&quot;columns&quot;:2,&quot;spacing&quot;:8},&quot;mobile&quot;:{&quot;columns&quot;:1,&quot;spacing&quot;:6},&quot;breakpoints&quot;:{&quot;tablet&quot;:768,&quot;mobile&quot;:480}},&quot;aspect_ratio&quot;:{&quot;width&quot;:1,&quot;height&quot;:1},&quot;highlight&quot;:{&quot;tag&quot;:&quot;&quot;,&quot;id&quot;:&quot;&quot;,&quot;position&quot;:&quot;&quot;},&quot;reel&quot;:{&quot;hide&quot;:false},&quot;copyright&quot;:{&quot;hide&quot;:false,&quot;placeholder&quot;:&quot;&quot;},&quot;profile&quot;:{&quot;display&quot;:false,&quot;username&quot;:&quot;&quot;,&quot;nickname&quot;:&quot;&quot;,&quot;website&quot;:&quot;&quot;,&quot;biography&quot;:&quot;&quot;,&quot;link_text&quot;:&quot;Follow&quot;,&quot;website_text&quot;:&quot;Website&quot;,&quot;avatar&quot;:&quot;&quot;},&quot;box&quot;:{&quot;display&quot;:false,&quot;padding&quot;:1,&quot;radius&quot;:0,&quot;background&quot;:&quot;#fefefe&quot;,&quot;profile&quot;:false,&quot;desc&quot;:&quot;&quot;,&quot;text_color&quot;:&quot;#000000&quot;},&quot;mask&quot;:{&quot;display&quot;:true,&quot;background&quot;:&quot;#000000&quot;,&quot;icon_color&quot;:&quot;#ffffff&quot;,&quot;likes_count&quot;:true,&quot;comments_count&quot;:true},&quot;card&quot;:{&quot;display&quot;:false,&quot;radius&quot;:1,&quot;font_size&quot;:12,&quot;background&quot;:&quot;#ffffff&quot;,&quot;background_hover&quot;:&quot;&quot;,&quot;text_color&quot;:&quot;#000000&quot;,&quot;padding&quot;:5,&quot;likes_count&quot;:true,&quot;text_length&quot;:10,&quot;comments_count&quot;:true,&quot;text_align&quot;:&quot;left&quot;},&quot;carousel&quot;:{&quot;centered_slides&quot;:false,&quot;autoplay&quot;:false,&quot;autoplay_interval&quot;:3000,&quot;navarrows&quot;:true,&quot;navarrows_color&quot;:&quot;&quot;,&quot;pagination&quot;:true,&quot;pagination_color&quot;:&quot;&quot;},&quot;modal&quot;:{&quot;display&quot;:true,&quot;profile&quot;:false,&quot;media_description&quot;:true,&quot;likes_count&quot;:true,&quot;comments_count&quot;:true,&quot;comments_list&quot;:false,&quot;text_align&quot;:&quot;left&quot;,&quot;modal_align&quot;:&quot;right&quot;,&quot;text_length&quot;:10000,&quot;font_size&quot;:12},&quot;button&quot;:{&quot;display&quot;:true,&quot;text&quot;:&quot;Ver + Fotos no Instagram&quot;,&quot;text_color&quot;:&quot;#ffff&quot;,&quot;background&quot;:&quot;&quot;,&quot;background_hover&quot;:&quot;&quot;},&quot;button_load&quot;:{&quot;display&quot;:false,&quot;text&quot;:&quot;Load more...&quot;,&quot;text_color&quot;:&quot;#ffff&quot;,&quot;background&quot;:&quot;&quot;,&quot;background_hover&quot;:&quot;&quot;}}\">\n\t\t<!-- <FeedContainer\/> -->\n\t\t<\/div>\n\t\t\n<p>&nbsp;<\/p>\n<div class=\"one_half\"><img decoding=\"async\" src=\"https:\/\/stonecrystal.com.br\/fulget\/wp-content\/uploads\/2020\/08\/sessao11.png\" alt=\"\" \/><\/div>\n<div class=\"one_half last_column\">\n<h4>Aceitamos todos os cart\u00f5es<\/h4>\n<p>Parcele em at\u00e9 3 vezes em todos os cart\u00f5es de cr\u00e9dito<\/p>\n<div class=\"space\" style=\"height:30px\"><\/div>\n<p><a><img decoding=\"async\" src=\"https:\/\/stonecrystal.com.br\/fulget\/wp-content\/uploads\/2020\/08\/sessao12.png\" alt=\"\" \/><\/a><\/p>\n<div class=\"space\" style=\"height:30px\"><\/div>\n<\/div>\n","protected":false},"excerpt":{"rendered":"<p>Sobre a Stone Crystal Sediada no Rio de Janeiro, a Stone Crystal \u00e9 uma empresa especializada em revestimento Fulget. Altamente conceituada pela seu alto padr\u00e3o em servi\u00e7os e produtos e pela excel\u00eancia de atendimento, a Stone Crystal atende cliente final e arquitetos em todo o RJ e em MG. Muito al\u00e9m de satisfazer o cliente, \u00e9 preciso tamb\u00e9m encant\u00e1-lo. Dentro deste conceito,\u00a0 a Stone Crystal \u00e9 refer\u00eancia no segmento de pisos e revestimentos de alto padr\u00e3o, disponibilizando servi\u00e7os completos, incluindo desde a m\u00e3o de obra especializada, at\u00e9 o fornecimento de todo o material, resultando em um dos melhores custos x&#8230; <\/p>\n","protected":false},"author":1,"featured_media":0,"parent":0,"menu_order":0,"comment_status":"closed","ping_status":"closed","template":"","meta":{"footnotes":"","_links_to":"","_links_to_target":""},"class_list":["post-385","page","type-page","status-publish","hentry"],"_links":{"self":[{"href":"https:\/\/stonecrystal.com.br\/fulget\/wp-json\/wp\/v2\/pages\/385","targetHints":{"allow":["GET"]}}],"collection":[{"href":"https:\/\/stonecrystal.com.br\/fulget\/wp-json\/wp\/v2\/pages"}],"about":[{"href":"https:\/\/stonecrystal.com.br\/fulget\/wp-json\/wp\/v2\/types\/page"}],"author":[{"embeddable":true,"href":"https:\/\/stonecrystal.com.br\/fulget\/wp-json\/wp\/v2\/users\/1"}],"replies":[{"embeddable":true,"href":"https:\/\/stonecrystal.com.br\/fulget\/wp-json\/wp\/v2\/comments?post=385"}],"version-history":[{"count":7,"href":"https:\/\/stonecrystal.com.br\/fulget\/wp-json\/wp\/v2\/pages\/385\/revisions"}],"predecessor-version":[{"id":427,"href":"https:\/\/stonecrystal.com.br\/fulget\/wp-json\/wp\/v2\/pages\/385\/revisions\/427"}],"wp:attachment":[{"href":"https:\/\/stonecrystal.com.br\/fulget\/wp-json\/wp\/v2\/media?parent=385"}],"curies":[{"name":"wp","href":"https:\/\/api.w.org\/{rel}","templated":true}]}}